e remainder when 118 is divided by 113.
5
What is the remainder when 991 is divided by 31?
30
Calculate the remainder when 147 is divided by 15.
12
Calculate the remainder when 312 is divided by 11.
4
What is the remainder when 112 is divided by 20?
12
What is the remainder when 1777 is divided by 54?
49
Calculate the remainder when 25794 is divided by 11.
10
Calculate the remainder when 4590 is divided by 16.
14
Calculate the remainder when 1019 is divided by 26.
5
Calculate the remainder when 268 is divided by 7.
2
What is the remainder when 116 is divided by 51?
14
What is the remainder when 637 is divided by 160?
157
What is the remainder when 70 is divided by 26?
18
What is the remainder when 1711 is divided by 246?
235
What is the remainder when 36 is divided by 8?
4
What is the remainder when 550 is divided by 31?
23
Calculate the remainder when 91 is divided by 1.
0
What is the remainder when 811 is divided by 92?
75
What is the remainder when 223 is divided by 83?
57
What is the remainder when 251 is divided by 18?
17
Calculate the remainder when 3043 is divided by 61.
54
Calculate the remainder when 586 is divided by 101.
81
Calculate the remainder when 688 is divided by 184.
136
What is the remainder when 1571 is divided by 121?
119
What is the remainder when 893 is divided by 292?
17
What is the remainder when 605 is divided by 101?
100
Calculate the remainder when 441 is divided by 34.
33
What is the remainder when 3022 is divided by 17?
13
Calculate the remainder when 3713 is divided by 3.
2
What is the remainder when 301 is divided by 44?
37
Calculate the remainder when 915 is divided by 302.
9
Calculate the remainder when 578 is divided by 289.
0
What is the remainder when 184 is divided by 101?
83
Calculate the remainder when 1228 is divided by 57.
31
Calculate the remainder when 275 is divided by 40.
35
What is the remainder when 14543 is divided by 16?
15
What is the remainder when 2639 is divided by 377?
0
Calculate the remainder when 1635 is divided by 125.
10
Calculate the remainder when 171 is divided by 28.
3
What is the remainder when 179 is divided by 19?
8
Calculate the remainder when 205 is divided by 44.
29
What is the remainder when 77 is divided by 6?
5
Calculate the remainder when 33615 is divided by 410.
405
What is the remainder when 691 is divided by 87?
82
What is the remainder when 1119 is divided by 278?
7
What is the remainder when 240 is divided by 15?
0
Calculate the remainder when 3499 is divided by 31.
27
Calculate the remainder when 19 is divided by 18.
1
What is the remainder when 1879 is divided by 624?
7
What is the remainder when 1065 is divided by 124?
73
Calculate the remainder when 1175 is divided by 62.
59
What is the remainder when 414 is divided by 32?
30
What is the remainder when 201 is divided by 13?
6
Calculate the remainder when 515 is divided by 175.
165
What is the remainder when 60 is divided by 24?
12
What is the remainder when 48 is divided by 39?
9
Calculate the remainder when 766 is divided by 9.
1
What is the remainder when 11 is divided by 7?
4
Calculate the remainder when 967 is divided by 54.
49
Calculate the remainder when 1642 is divided by 66.
58
What is the remainder when 331 is divided by 30?
1
What is the remainder when 3957 is divided by 180?
177
Calculate the remainder when 43 is divided by 3.
1
What is the remainder when 323 is divided by 35?
8
Calculate the remainder when 550 is divided by 7.
4
Calculate the remainder when 855 is divided by 123.
117
Calculate the remainder when 4670 is divided by 27.
26
What is the remainder when 284 is divided by 89?
17
What is the remainder when 311 is divided by 58?
21
Calculate the remainder when 205 is divided by 26.
23
Calculate the remainder when 18 is divided by 4.
2
What is the remainder when 2962 is divided by 78?
76
What is the remainder when 3044 is divided by 87?
86
Calculate the remainder when 120 is divided by 11.
10
Calculate the remainder when 51 is divided by 48.
3
What is the remainder when 35773 is divided by 52?
49
What is the remainder when 2177 is divided by 78?
71
What is the remainder when 6 is divided by 2?
0
Calculate the remainder when 196 is divided by 21.
7
Calculate the remainder when 29222 is divided by 17.
16
What is the remainder when 247 is divided by 30?
7
What is the remainder when 1828 is divided by 31?
30
Calculate the remainder when 59 is divided by 19.
2
What is the remainder when 764 is divided by 189?
8
What is the remainder when 87 is divided by 33?
21
Calculate the remainder when 3821 is divided by 55.
26
What is the remainder when 516 is divided by 86?
0
What is the remainder when 1034 is divided by 23?
22
Calculate the remainder when 844 is divided by 86.
70
Calculate the remainder when 70090 is divided by 236.
234
What is the remainder when 430 is divided by 8?
6
Calculate the remainder when 347 is divided by 114.
5
Calculate the remainder when 656 is divided by 28.
12
What is the remainder when 1380 is divided by 21?
15
Calculate the remainder when 580 is divided by 40.
20
What is the remainder when 16299 is divided by 209?
206
Calculate the remainder when 109 is divided by 38.
33
What is the remainder when 582 is divided by 22?
10
What is the remainder when 211 is divided by 12?
7
What is the remainder when 72 is divided by 71?
1
Calculate the remainder when 350 is divided by 342.
8
What is the remainder when 105 is divided by 9?
6
Calculate the remainder when 236 is divided by 125.
111
Calculate the remainder when 1161 is divided by 1.
0
What is the remainder when 1149 is divided by 380?
9
Calculate the remainder when 117 is divided by 89.
28
What is the remainder when 278 is divided by 47?
43
Calculate the remainder when 754 is divided by 251.
1
What is the remainder when 597 is divided by 14?
9
What is the remainder when 179 is divided by 4?
3
Calculate the remainder when 7148 is divided by 73.
67
Calculate the remainder when 790 is divided by 18.
16
Calculate the remainder when 245 is divided by 3.
2
What is the remainder when 641 is divided by 286?
69
Calculate the remainder when 2391 is divided by 63.
60
What is the remainder when 23435 is divided by 31?
30
What is the remainder when 675 is divided by 8?
3
Calculate the remainder when 149 is divided by 54.
41
Calculate the remainder when 117 is divided by 14.
5
What is the remainder when 59 is divided by 11?
4
What is the remainder when 1425 is divided by 703?
19
Calculate the remainder when 299 is divided by 257.
42
Calculate the remainder when 875 is divided by 44.
39
What is the remainder when 2475 is divided by 308?
11
What is the remainder when 7283 is divided by 243?
236
Calculate the remainder when 38 is divided by 24.
14
Calculate the remainder when 124 is divided by 32.
28
Calculate the remainder when 858 is divided by 14.
4
Calculate the remainder when 3622 is divided by 37.
33
What is the remainder when 471 is divided by 66?
9
What is the remainder when 473 is divided by 149?
26
Calculate the remainder when 123 is divided by 39.
6
Calculate the remainder when 212 is divided by 18.
14
What is the remainder when 8828 is divided by 47?
39
Calculate the remainder when 955 is divided by 245.
220
Calculate the remainder when 440 is divided by 21.
20
What is the remainder when 4159 is divided by 130?
129
Calculate the remainder when 128 is divided by 43.
42
Calculate the remainder when 179 is divided by 13.
10
Calculate the remainder when 197 is divided by 67.
63
Calculate the remainder when 593 is divided by 48.
17
What is the remainder when 2075 is divided by 189?
185
Calculate the remainder when 334 is divided by 12.
10
What is the remainder when 1195 is divided by 92?
91
Calculate the remainder when 1762 is divided by 36.
34
Calculate the remainder when 97 is divided by 38.
21
What is the remainder when 378 is divided by 76?
74
Calculate the remainder when 50 is divided by 43.
7
Calculate the remainder when 129 is divided by 20.
9
Calculate the remainder when 2000 is divided by 994.
12
Calculate the remainder when 255 is divided by 53.
43
Calculate the remainder when 60 is divided by 16.
12
What is the remainder when 5756 is divided by 32?
28
Calculate the remainder when 22 is divided by 20.
2
What is the remainde